(c) = -c - 2. Let m be j(-5). Suppose m*s - 4 = 146. List the prime factors of s.
2, 5
Let l be 2*(2 - (8 - 2)). Let f be ((-6)/l)/(8/(-96)). Let i(s) = -s - 7. What are the prime factors of i(f)?
2
Suppose 97 = 11*v - 189. What are the prime factors of v?
2, 13
Suppose 3*u - 56 - 11 = -c, 5*u = c - 75. List the prime factors of c.
2, 5, 7
Suppose h - 4*n = -2*h - 69, 3*h + 69 = -4*n. Let t = 54 + h. What are the prime factors of t?
31
Let k(i) = -28*i - 14. What are the prime factors of k(-10)?
2, 7, 19
Let t(g) = 3*g - 36. What are the prime factors of t(18)?
2, 3
Let k = 21 - 2. What are the prime factors of k?
19
Let c = 47 + -11. Suppose -3*z = -0*z + c. List the prime factors of (z/(-15))/((-3)/(-60)).
2
Let m(w) = -w**2 - 5*w + 6. Let d be m(-5). Suppose -4*u + 12 = j, -22 = -d*u + u - 3*j. List the prime factors of (u/4)/((-2)/(-12)).
3
Suppose 0 = 4*a - 101 - 95. List the prime factors of a.
7
Let l(d) be the first derivative of -d**3/3 - 15*d**2/2 - 15*d - 1. What are the prime factors of l(-11)?
29
Suppose -5*v = -10*v - 5. Let h be (v - -3 - -43)/1. Suppose 3*f = 8*f - h. List the prime factors of f.
3
Let l(p) be the first derivative of p**4/4 + p**3/3 + 5*p - 3. Let j be l(0). Suppose -j*u = 5*s - 25, 3*u = s + 2*u - 11. What are the prime factors of s?
2
Let h(z) = -z**3 - 1. Let l be h(1). List the prime factors of (-54)/(-5) - l/10.
11
Let y(r) = -r**2 + 7*r + 1. Let i be y(7). Let v be -1*(-2 + -59) + i. Suppose 2*b + 13 + v = 5*h, -32 = -4*h - 4*b. List the prime factors of h.
13
Let n = -16 - -18. Suppose 0 = -n*y - 5*r + 63, y + 127 = 4*y + r. What are the prime factors of y?
2, 11
Let r(w) = w**3 + 6*w**2 + 3*w. Let k be r(-5). Suppose -2*z + 20 = 2*s + 2, -4*z + 5*s + 9 = 0. Let u = k - z. What are the prime factors of u?
2
Suppose 0 = 4*o - 5*t - 15, o + 0*t - 3 = t. Suppose o = -5*x - 3*n - 2, 4*x + 5*n + 16 - 4 = 0. List the prime factors of 2 + 0*1/x.
2
Suppose 18 = 3*x + 6. What are the prime factors of x?
2
Suppose -20*g = -16*g - 1312. List the prime factors of g.
2, 41
What are the prime factors of (-662)/(-18) + 10/45?
37
Suppose -7 + 27 = -5*g. Let z be (12/30)/((-3)/75). List the prime factors of z/g + (-9)/(-6).
2
What are the prime factors of (-29)/(-2) - 15/(-10)?
2
Let d(t) = -87*t + 4. What are the prime factors of d(-1)?
7, 13
Let l(b) = 4*b**2. Let v be l(2). Let m(n) = -v*n + n**2 + 16*n. List the prime factors of m(3).
3
Suppose t - 6*t = -20. List the prime factors of t.
2
Let m(s) = 26*s**3 - 1. Let x be m(1). Suppose v + 25 = 3*r, 2*v + 61 - x = 4*r. List the prime factors of r.
7
What are the prime factors of ((-46)/(-3))/((-2)/(-3))?
23
Let y = -8 - -13. Let g be (-4)/(-6) - 296/(-6). Suppose -y*f = -0*f - g. What are the prime factors of f?
2, 5
Suppose -3*j + 5*k = -256, 5*k + 148 = 2*j - 26. What are the prime factors of j?
2, 41
Suppose -3*v - 4*g - 221 = -6*v, 77 = v - 3*g. Suppose 31 = -4*m + v. List the prime factors of m.
2, 5
Let h(t) = -t**3 - 6*t**2 + 5*t - 3. List the prime factors of h(-8).
5, 17
Let t = 4 - 2. Suppose 15 = -t*d + 5*d. What are the prime factors of d?
5
Let r(b) = -62*b**3 + b + 1. Let l be r(-1). Let g = -42 + l. List the prime factors of g.
2, 5
Let u(l) = -l**3 + 6*l**2 + 4*l - 9. Let d be u(6). Suppose -m = 5*h - 20, -5*m - 5 = -5*h + d. Let i(n) = n**2 - n + 9. List the prime factors of i(m).
3
Let n = -17 + 61. List the prime factors of n.
2, 11
Let w = 21 + 8. List the prime factors of w.
29
Let j(l) = l**3 + 7*l**2 + 9. Suppose 3*k - 2*q + 24 = -q, -3*k - 33 = -4*q. Let d be j(k). Suppose 3*p + d = 6*p. What are the prime factors of p?
3
Let p(g) = -g**3 - 12*g**2 - 11*g + 4. Let d be p(-11). Suppose -d*v + 20 = v. List the prime factors of v.
2
Let p(l) = l**3 + 5*l**2 - 7*l - 1. Suppose 0 = t + 3*t + 24. List the prime factors of p(t).
5
Let x = -5 - -14. Suppose 0 = -0*z + 2*z + 5*i + x, -2*i = 6. What are the prime factors of z?
3
Let h = 2 - -11. List the prime factors of h.
13
Let v = 17 - 7. Let g = v - 4. Let k = g + -4. List the prime factors of k.
2
Suppose 0 - 9 = -3*n. Suppose -2*k - 5*v - 5 = 0, k + n*k = v + 23. Let u = 12 - k. List the prime factors of u.
7
Let b(s) = -2*s**3 - 8*s**2 - 7*s. List the prime factors of b(-5).
5, 17
Let h(v) = v**2. Let c(x) = 5*x**2 + x - 2. Let p(a) = -c(a) + 6*h(a). What are the prime factors of p(-2)?
2
What are the prime factors of 1/((-932)/(-232) - 4)?
2, 29
Let t = 29 - 11. Suppose a + a - t = 0. List the prime factors of (-58)/(-6) - (-3)/a.
2, 5
Let o = 2 - 2. Suppose 0 = -3*s + r + 23 - 3, o = 3*s + 5*r + 10. Suppose -2*q = 2*z - 0 - 4, -2*z - s*q + 4 = 0. List the prime factors of z.
2
Suppose 0*t - o - 10 = -2*t, 5*t - 18 = -o. Suppose 5*g - 43 = t*w + 18, w + 4 = 0. What are the prime factors of g?
3
Let h(c) = c - 2. Let o = 1 - 1. Let r be h(o). List the prime factors of (r - -3)/(1/8).
2
Suppose 3*b = -3*u - 0*u + 36, -2*u + 54 = 5*b. Let z(s) = -s + 13. What are the prime factors of z(b)?
3
Suppose -2*n + 0 = 2. What are the prime factors of (n - -2)*-3*-1?
3
Let n = 2 - -2. Suppose 5*p = -3*k + 71 + 17, 4 = n*k. List the prime factors of p.
17
Let q be 1/(3/21) - 3. Suppose 10 = -9*s + q*s - 5*d, 0 = -s - 3*d - 10. List the prime factors of s.
2
Suppose -4*k + 40 + 44 = 0. List the prime factors of k.
3, 7
Suppose 0 = -3*u + 519 - 108. List the prime factors of u.
137
Let l(t) = 4*t - 5. Let y(m) = -3*m + 3. Suppose -5*g - j - 22 = 0, -5*j + 13 = g + 3. Let z(a) = g*l(a) - 8*y(a). List the prime factors of z(3).
13
Let w(s) = -2*s - s**2 + 3*s**2 - s**2 - 3. Let l be w(4). Suppose p - l = 1. List the prime factors of p.
2, 3
Let t = 4 + -1. Suppose -3*u - t = 3. What are the prime factors of 1/u + (-33)/(-6)?
5
Let f = 65 + 14. List the prime factors of f.
79
Let i(c) = -c**2 + 7*c + 5. Let l(h) = h**3 - 8*h**2 + 7*h + 7. Let k be l(7). Let z be i(k). Suppose -27 - 23 = -z*x. What are the prime factors of x?
2, 5
Let i = -55 + 129. What are the prime factors of i?
2, 37
Let w be (1/(-2))/((-3)/12). Let l = w + 1. List the prime factors of l.
3
Suppose 3*t + 6 = -0*t. Let b(w) = -3*w - 3. Let d be b(t). What are the prime factors of 0/d + 4*2?
2
Let i(z) = -56*z**3 + z**2 + z + 1. Let g be i(-1). Suppose 3*p = 105 + g. What are the prime factors of p?
2, 3
Suppose 0 = 2*i + i + 27. Let j = i - -18. What are the prime factors of j?
3
Suppose 4*m - 9 = m. Let v(n) = n + 2. Let x be v(3). Suppose -4*u + m*k + 30 = -0*u, 5*k = -x*u + 20. What are the prime factors of u?
2, 3
Let z(y) = -y**3 - 4*y**2 + 3*y - 6. Let f be z(-5). Suppose -w - f*w = -2*x - 2, 0 = -w - 5*x + 22. List the prime factors of -4*(-2 - (w - 3)).
2
Suppose 0 = -3*v - 6 + 3. Let r be (0/(-2))/(-3 - v). Let w = 2 + r. What are the prime factors of w?
2
Let g(q) = 6*q - 7. Let b be g(7). Let m = -25 + b. Let l = m - 0. List the prime factors of l.
2, 5
Suppose -10*g + 13 = -9*g. What are the prime factors of g?
13
Let x be 2/4 + 54/12. Let g = 2 + -2. Suppose 0*v - x*v + 40 = l, g = v - 2*l - 19. What are the prime factors of v?
3
Let s = 3 - 1. Suppose s*i - i = 3. List the prime factors of (-2)/(37/13 - i).
13
Suppose -2*n = n - 6. Let k(s) = 6*s**3 - s**2 - 7*s - 9. Let x(v) = -3*v**3 + 3*v + 4. Let f(a) = n*k(a) + 5*x(a). What are the prime factors of f(-2)?
2
List the prime factors of 10*(-6)/(6/(-5)).
2, 5
Suppose 4*y = -4 - 8. Let d be (0 - (-16)/(-3))*y. List the prime factors of (1 - 1) + d/2.
2
Suppose 2*i + 2 = 4*i. Suppose i = 3*p - 71. Let t = p + -16. What are the prime factors of t?
2
Let i = 12 + 21. List the prime factors of i.
3, 11
Let b = 97 - 54. What are the prime factors of b?
43
Suppose 6*i - 69 = 3*i. Let a(k) = -k**3 + 3*k**2 - k + 1. Let o be a(-3). Suppose 0 = -5*h - i + o. List the prime factors of h.
7
Let l = 0 - -1. Let f = l + -1. Suppose 4*s - 4*i + 4 = -f, 1 = -4*s + 3*i. List the prime factors of s.
2
Suppose 5*i + 2*w - 470 = 0, -316 = -4*i + 4*w + 60. What are the prime factors of i?
2, 47
Suppose 0 - 8 = 4*z. Let t = z + 4. Suppose -5*l = -4*d + 63, -3*d + 3*l + t*l = -46. What are the prime factors of d?
17
Suppose k = 3*k + 6. Let w be (8/(-3))/((-1)/k). List the prime factors of (-36)/16*w/3.
2, 3
Let m = 19 - 27. Let b = m - -14. What are the prime factors of 21/6 - (-3)/b?
2
Suppose 